{"id":2065,"date":"2022-04-20T15:58:06","date_gmt":"2022-04-20T13:58:06","guid":{"rendered":"http:\/\/xixaoul.cluster031.hosting.ovh.net\/?page_id=2065"},"modified":"2024-06-12T10:56:12","modified_gmt":"2024-06-12T08:56:12","slug":"traitement-par-laser-yeux","status":"publish","type":"page","link":"https:\/\/www.ophtalmo-actisud.fr\/index.php\/traitement-par-laser-yeux\/","title":{"rendered":"Traitement par laser"},"content":{"rendered":"<p>[vc_row][vc_column][vc_column_text]Un traitement par laser peut \u00eatre essentiel au maintien de votre acuit\u00e9 visuelle et \u00e0 la bonne sant\u00e9 de vos yeux. Quelques infos sur les traitements possibles selon les pathologies.<\/p>\n<p>&nbsp;<\/p>\n<p>&nbsp;<\/p>\n<p>[\/vc_column_text][\/vc_column][\/vc_row][vc_row gap=\u00a0\u00bb35&Prime; equal_height=\u00a0\u00bbyes\u00a0\u00bb content_placement=\u00a0\u00bbtop\u00a0\u00bb css=\u00a0\u00bb.vc_custom_1657379842421{margin-bottom: 2em !important;}\u00a0\u00bb][vc_column width=\u00a0\u00bb1\/2&Prime; css=\u00a0\u00bb.vc_custom_1657378265423{background-color: #f9f6f2 !important;border-radius: 20px !important;}\u00a0\u00bb][vc_column_text css=\u00a0\u00bb.vc_custom_1657379487072{margin-top: -1em !important;}\u00a0\u00bb]<\/p>\n<h2><b class=\"bl\">Corps flottants<\/b><\/h2>\n<p>[\/vc_column_text][vc_column_text css=\u00a0\u00bb.vc_custom_1657980451966{margin-top: 1em !important;margin-bottom: 1em !important;}\u00a0\u00bb]Le traitement des <b class=\"bl\">corps flottants <\/b>du vitr\u00e9 est appel\u00e9 vitr\u00e9olyse par laser. 1 \u00e0 3 s\u00e9ances sont n\u00e9cessaires pour vaporiser compl\u00e8tement les corps flottants.<\/p>\n<p>Pour savoir si vos corps flottants sont traitables par laser, une consultation pr\u00e9alable avec dilatation de la pupille est n\u00e9cessaire.[\/vc_column_text][\/vc_column][vc_column width=\u00a0\u00bb1\/2&Prime; css=\u00a0\u00bb.vc_custom_1657378273853{background-color: #f9f6f2 !important;border-radius: 20px !important;}\u00a0\u00bb][vc_column_text css=\u00a0\u00bb.vc_custom_1657379537550{margin-top: -1em !important;}\u00a0\u00bb]<\/p>\n<h2><b class=\"ve\">Hypertension oculaire<\/b><\/h2>\n<p>[\/vc_column_text][vc_column_text css=\u00a0\u00bb.vc_custom_1657980461370{margin-top: 1em !important;margin-bottom: 1em !important;}\u00a0\u00bb]Le traitement de <b class=\"ve\">l\u2019hypertension oculaire <\/b>par laser ou trabeculoplastie fait partie de l\u2019arsenal th\u00e9rapeutique dans la prise en charge du glaucome et de l\u2019hypertension oculaire.<\/p>\n<p>Elle peut \u00eatre utilis\u00e9e seule ou conjointement \u00e0 des collyres pour abaisser la tension oculaire.[\/vc_column_text][\/vc_column][\/vc_row][vc_row gap=\u00a0\u00bb35&Prime; equal_height=\u00a0\u00bbyes\u00a0\u00bb content_placement=\u00a0\u00bbtop\u00a0\u00bb css=\u00a0\u00bb.vc_custom_1657379847875{margin-bottom: 2em !important;}\u00a0\u00bb][vc_column width=\u00a0\u00bb1\/2&Prime; css=\u00a0\u00bb.vc_custom_1657378320848{background-color: #f9f6f2 !important;border-radius: 20px !important;}\u00a0\u00bb][vc_column_text css=\u00a0\u00bb.vc_custom_1657379603781{margin-top: -1em !important;}\u00a0\u00bb]<\/p>\n<h2><b class=\"or\">Iridotomie<\/b><\/h2>\n<p>[\/vc_column_text][vc_column_text css=\u00a0\u00bb.vc_custom_1657980470991{margin-top: 1em !important;margin-bottom: 1em !important;}\u00a0\u00bb]<b class=\"or\">L\u2019iridotomie<\/b> par laser YAG se pratique en cas de risque de glaucome par fermeture de l\u2019angle iridocorn\u00e9en (angle \u00e9troit) ou dans les cas de glaucome pigmentaire.<\/p>\n<p>Elle cr\u00e9e une perforation millim\u00e9trique dans la base de l\u2019iris et am\u00e9liore la circulation de l\u2019humeur aqueuse dans l\u2019\u0153il.[\/vc_column_text][\/vc_column][vc_column width=\u00a0\u00bb1\/2&Prime; css=\u00a0\u00bb.vc_custom_1657378334662{background-color: #f9f6f2 !important;border-radius: 20px !important;}\u00a0\u00bb][vc_column_text css=\u00a0\u00bb.vc_custom_1657379674994{margin-top: -1em !important;}\u00a0\u00bb]<\/p>\n<h2><b class=\"ro\">Capsulotomie<\/b><\/h2>\n<p>[\/vc_column_text][vc_column_text css=\u00a0\u00bb.vc_custom_1657980479476{margin-top: 1em !important;margin-bottom: 1em !important;}\u00a0\u00bb]<b class=\"ro\">La capsulotomie<\/b> par laser YAG est le traitement de l\u2019opacification de la capsule post\u00e9rieure du cristallin (couramment nomm\u00e9e \u00ab\u202fcataracte secondaire\u202f\u00bb).<\/p>\n<p>Cette opacification est fr\u00e9quente quelques ann\u00e9es apr\u00e8s l\u2019op\u00e9ration de la cataracte.[\/vc_column_text][\/vc_column][\/vc_row][vc_row css=\u00a0\u00bb.vc_custom_1657379819444{margin-bottom: 2em !important;background-color: #f9f6f2 !important;border-radius: 20px !important;}\u00a0\u00bb][vc_column][vc_column_text css=\u00a0\u00bb.vc_custom_1657379749390{margin-top: -1em !important;}\u00a0\u00bb]<\/p>\n<h2><b class=\"ja\">Maladies de la r\u00e9tine<\/b><\/h2>\n<p>[\/vc_column_text][vc_column_text css=\u00a0\u00bb.vc_custom_1657980492225{margin-top: 1em !important;margin-bottom: 1em !important;}\u00a0\u00bb]Le laser Argon permet de br\u00fbler la r\u00e9tine (photo coagulation) et ainsi de traiter des <b class=\"ja\">maladies de la r\u00e9tine <\/b>telles que la r\u00e9tinopathie diab\u00e9tique, les occlusions vasculaires r\u00e9tiniennes et les d\u00e9chirures de la r\u00e9tine.<\/p>\n<p>Le traitement par rafales d\u2019impacts de quelques dizaines de microsecondes permet de limiter l\u2019inconfort et de raccourcir la dur\u00e9e de la s\u00e9ance.[\/vc_column_text][\/vc_column][\/vc_row][vc_row][vc_column][vc_column_text]La chirurgie r\u00e9fractive, permettant de ne plus porter de lunettes ou de lentilles, fonctionne \u00e9galement par traitement laser et sert le confort de vos yeux. Plus d&rsquo;informations sur <a href=\"https:\/\/www.ophtalmo-actisud.fr\/index.php\/chirurgie-refractive\/\">la page d\u00e9di\u00e9e<\/a>.[\/vc_column_text][\/vc_column][\/vc_row]<\/p>\n","protected":false},"excerpt":{"rendered":"<p>[vc_row][vc_column][vc_column_text]Un traitement par laser peut \u00eatre essentiel au maintien de votre acuit\u00e9 visuelle et \u00e0 la bonne sant\u00e9 de vos yeux. Quelques infos sur les traitements possibles selon les pathologies. &nbsp; &nbsp; [\/vc_column_text][\/vc_column][\/vc_row][vc_row gap=\u00a0\u00bb35&Prime; equal_height=\u00a0\u00bbyes\u00a0\u00bb content_placement=\u00a0\u00bbtop\u00a0\u00bb css=\u00a0\u00bb.vc_custom_1657379842421{margin-bottom: 2em !important;}\u00a0\u00bb][vc_column width=\u00a0\u00bb1\/2&Prime; css=\u00a0\u00bb.vc_custom_1657378265423{background-color: #f9f6f2 !important;border-radius: 20px !important;}\u00a0\u00bb][vc_column_text css=\u00a0\u00bb.vc_custom_1657379487072{margin-top: -1em !important;}\u00a0\u00bb] Corps flottants [\/vc_column_text][vc_column_text css=\u00a0\u00bb.vc_custom_1657980451966{margin-top: 1em !important;margin-bottom: 1em&hellip;<\/p>\n","protected":false},"author":1,"featured_media":2722,"parent":0,"menu_order":0,"comment_status":"closed","ping_status":"closed","template":"","meta":{"footnotes":""},"class_list":["post-2065","page","type-page","status-publish","has-post-thumbnail","hentry","description-off"],"yoast_head":"<!-- This site is optimized with the Yoast SEO plugin v27.4 - https:\/\/yoast.com\/product\/yoast-seo-wordpress\/ -->\n<title>Traitement par laser - Centre d&#039;Ophtalmologie Actisud<\/title>\n<meta name=\"description\" content=\"Un traitement par laser peut \u00eatre essentiel au maintien de votre acuit\u00e9 visuelle et \u00e0 la bonne sant\u00e9 de vos yeux.\" \/>\n<meta name=\"robots\" content=\"index, follow, max-snippet:-1, max-image-preview:large, max-video-preview:-1\" \/>\n<link rel=\"canonical\" href=\"https:\/\/www.ophtalmo-actisud.fr\/index.php\/traitement-par-laser-yeux\/\" \/>\n<meta property=\"og:locale\" content=\"fr_FR\" \/>\n<meta property=\"og:type\" content=\"article\" \/>\n<meta property=\"og:title\" content=\"Traitement par laser - Centre d&#039;Ophtalmologie Actisud\" \/>\n<meta property=\"og:description\" content=\"Un traitement par laser peut \u00eatre essentiel au maintien de votre acuit\u00e9 visuelle et \u00e0 la bonne sant\u00e9 de vos yeux.\" \/>\n<meta property=\"og:url\" content=\"https:\/\/www.ophtalmo-actisud.fr\/index.php\/traitement-par-laser-yeux\/\" \/>\n<meta property=\"og:site_name\" content=\"Centre d&#039;Ophtalmologie Actisud\" \/>\n<meta property=\"article:publisher\" content=\"https:\/\/www.facebook.com\/Centre-dOphtalmologie-Actisud-109097913829367\" \/>\n<meta property=\"article:modified_time\" content=\"2024-06-12T08:56:12+00:00\" \/>\n<meta property=\"og:image\" content=\"https:\/\/www.ophtalmo-actisud.fr\/wp-content\/uploads\/2024\/06\/brands-people-sWQrD5s0fWc-unsplash-scaled.jpg\" \/>\n\t<meta property=\"og:image:width\" content=\"2560\" \/>\n\t<meta property=\"og:image:height\" content=\"1706\" \/>\n\t<meta property=\"og:image:type\" content=\"image\/jpeg\" \/>\n<meta name=\"twitter:card\" content=\"summary_large_image\" \/>\n<meta name=\"twitter:label1\" content=\"Dur\u00e9e de lecture estim\u00e9e\" \/>\n\t<meta name=\"twitter:data1\" content=\"3 minutes\" \/>\n<script type=\"application\/ld+json\" class=\"yoast-schema-graph\">{\"@context\":\"https:\\\/\\\/schema.org\",\"@graph\":[{\"@type\":\"WebPage\",\"@id\":\"https:\\\/\\\/www.ophtalmo-actisud.fr\\\/index.php\\\/traitement-par-laser-yeux\\\/\",\"url\":\"https:\\\/\\\/www.ophtalmo-actisud.fr\\\/index.php\\\/traitement-par-laser-yeux\\\/\",\"name\":\"Traitement par laser - Centre d&#039;Ophtalmologie Actisud\",\"isPartOf\":{\"@id\":\"https:\\\/\\\/www.ophtalmo-actisud.fr\\\/#website\"},\"primaryImageOfPage\":{\"@id\":\"https:\\\/\\\/www.ophtalmo-actisud.fr\\\/index.php\\\/traitement-par-laser-yeux\\\/#primaryimage\"},\"image\":{\"@id\":\"https:\\\/\\\/www.ophtalmo-actisud.fr\\\/index.php\\\/traitement-par-laser-yeux\\\/#primaryimage\"},\"thumbnailUrl\":\"https:\\\/\\\/www.ophtalmo-actisud.fr\\\/wp-content\\\/uploads\\\/2024\\\/06\\\/brands-people-sWQrD5s0fWc-unsplash-scaled.jpg\",\"datePublished\":\"2022-04-20T13:58:06+00:00\",\"dateModified\":\"2024-06-12T08:56:12+00:00\",\"description\":\"Un traitement par laser peut \u00eatre essentiel au maintien de votre acuit\u00e9 visuelle et \u00e0 la bonne sant\u00e9 de vos yeux.\",\"breadcrumb\":{\"@id\":\"https:\\\/\\\/www.ophtalmo-actisud.fr\\\/index.php\\\/traitement-par-laser-yeux\\\/#breadcrumb\"},\"inLanguage\":\"fr-FR\",\"potentialAction\":[{\"@type\":\"ReadAction\",\"target\":[\"https:\\\/\\\/www.ophtalmo-actisud.fr\\\/index.php\\\/traitement-par-laser-yeux\\\/\"]}]},{\"@type\":\"ImageObject\",\"inLanguage\":\"fr-FR\",\"@id\":\"https:\\\/\\\/www.ophtalmo-actisud.fr\\\/index.php\\\/traitement-par-laser-yeux\\\/#primaryimage\",\"url\":\"https:\\\/\\\/www.ophtalmo-actisud.fr\\\/wp-content\\\/uploads\\\/2024\\\/06\\\/brands-people-sWQrD5s0fWc-unsplash-scaled.jpg\",\"contentUrl\":\"https:\\\/\\\/www.ophtalmo-actisud.fr\\\/wp-content\\\/uploads\\\/2024\\\/06\\\/brands-people-sWQrD5s0fWc-unsplash-scaled.jpg\",\"width\":2560,\"height\":1706,\"caption\":\"laser yeux\"},{\"@type\":\"BreadcrumbList\",\"@id\":\"https:\\\/\\\/www.ophtalmo-actisud.fr\\\/index.php\\\/traitement-par-laser-yeux\\\/#breadcrumb\",\"itemListElement\":[{\"@type\":\"ListItem\",\"position\":1,\"name\":\"Accueil\",\"item\":\"https:\\\/\\\/www.ophtalmo-actisud.fr\\\/\"},{\"@type\":\"ListItem\",\"position\":2,\"name\":\"Traitement par laser\"}]},{\"@type\":\"WebSite\",\"@id\":\"https:\\\/\\\/www.ophtalmo-actisud.fr\\\/#website\",\"url\":\"https:\\\/\\\/www.ophtalmo-actisud.fr\\\/\",\"name\":\"Centre d&#039;Ophtalmologie Actisud\",\"description\":\"Prenez rendez-vous ou obtenez des informations\",\"publisher\":{\"@id\":\"https:\\\/\\\/www.ophtalmo-actisud.fr\\\/#organization\"},\"potentialAction\":[{\"@type\":\"SearchAction\",\"target\":{\"@type\":\"EntryPoint\",\"urlTemplate\":\"https:\\\/\\\/www.ophtalmo-actisud.fr\\\/?s={search_term_string}\"},\"query-input\":{\"@type\":\"PropertyValueSpecification\",\"valueRequired\":true,\"valueName\":\"search_term_string\"}}],\"inLanguage\":\"fr-FR\"},{\"@type\":\"Organization\",\"@id\":\"https:\\\/\\\/www.ophtalmo-actisud.fr\\\/#organization\",\"name\":\"Centre d'Ophtalmologie Actisud\",\"url\":\"https:\\\/\\\/www.ophtalmo-actisud.fr\\\/\",\"logo\":{\"@type\":\"ImageObject\",\"inLanguage\":\"fr-FR\",\"@id\":\"https:\\\/\\\/www.ophtalmo-actisud.fr\\\/#\\\/schema\\\/logo\\\/image\\\/\",\"url\":\"https:\\\/\\\/www.ophtalmo-actisud.fr\\\/wp-content\\\/uploads\\\/2022\\\/08\\\/cropped-logoTransp.png\",\"contentUrl\":\"https:\\\/\\\/www.ophtalmo-actisud.fr\\\/wp-content\\\/uploads\\\/2022\\\/08\\\/cropped-logoTransp.png\",\"width\":512,\"height\":512,\"caption\":\"Centre d'Ophtalmologie Actisud\"},\"image\":{\"@id\":\"https:\\\/\\\/www.ophtalmo-actisud.fr\\\/#\\\/schema\\\/logo\\\/image\\\/\"},\"sameAs\":[\"https:\\\/\\\/www.facebook.com\\\/Centre-dOphtalmologie-Actisud-109097913829367\"]}]}<\/script>\n<!-- \/ Yoast SEO plugin. -->","yoast_head_json":{"title":"Traitement par laser - Centre d&#039;Ophtalmologie Actisud","description":"Un traitement par laser peut \u00eatre essentiel au maintien de votre acuit\u00e9 visuelle et \u00e0 la bonne sant\u00e9 de vos yeux.","robots":{"index":"index","follow":"follow","max-snippet":"max-snippet:-1","max-image-preview":"max-image-preview:large","max-video-preview":"max-video-preview:-1"},"canonical":"https:\/\/www.ophtalmo-actisud.fr\/index.php\/traitement-par-laser-yeux\/","og_locale":"fr_FR","og_type":"article","og_title":"Traitement par laser - Centre d&#039;Ophtalmologie Actisud","og_description":"Un traitement par laser peut \u00eatre essentiel au maintien de votre acuit\u00e9 visuelle et \u00e0 la bonne sant\u00e9 de vos yeux.","og_url":"https:\/\/www.ophtalmo-actisud.fr\/index.php\/traitement-par-laser-yeux\/","og_site_name":"Centre d&#039;Ophtalmologie Actisud","article_publisher":"https:\/\/www.facebook.com\/Centre-dOphtalmologie-Actisud-109097913829367","article_modified_time":"2024-06-12T08:56:12+00:00","og_image":[{"width":2560,"height":1706,"url":"https:\/\/www.ophtalmo-actisud.fr\/wp-content\/uploads\/2024\/06\/brands-people-sWQrD5s0fWc-unsplash-scaled.jpg","type":"image\/jpeg"}],"twitter_card":"summary_large_image","twitter_misc":{"Dur\u00e9e de lecture estim\u00e9e":"3 minutes"},"schema":{"@context":"https:\/\/schema.org","@graph":[{"@type":"WebPage","@id":"https:\/\/www.ophtalmo-actisud.fr\/index.php\/traitement-par-laser-yeux\/","url":"https:\/\/www.ophtalmo-actisud.fr\/index.php\/traitement-par-laser-yeux\/","name":"Traitement par laser - Centre d&#039;Ophtalmologie Actisud","isPartOf":{"@id":"https:\/\/www.ophtalmo-actisud.fr\/#website"},"primaryImageOfPage":{"@id":"https:\/\/www.ophtalmo-actisud.fr\/index.php\/traitement-par-laser-yeux\/#primaryimage"},"image":{"@id":"https:\/\/www.ophtalmo-actisud.fr\/index.php\/traitement-par-laser-yeux\/#primaryimage"},"thumbnailUrl":"https:\/\/www.ophtalmo-actisud.fr\/wp-content\/uploads\/2024\/06\/brands-people-sWQrD5s0fWc-unsplash-scaled.jpg","datePublished":"2022-04-20T13:58:06+00:00","dateModified":"2024-06-12T08:56:12+00:00","description":"Un traitement par laser peut \u00eatre essentiel au maintien de votre acuit\u00e9 visuelle et \u00e0 la bonne sant\u00e9 de vos yeux.","breadcrumb":{"@id":"https:\/\/www.ophtalmo-actisud.fr\/index.php\/traitement-par-laser-yeux\/#breadcrumb"},"inLanguage":"fr-FR","potentialAction":[{"@type":"ReadAction","target":["https:\/\/www.ophtalmo-actisud.fr\/index.php\/traitement-par-laser-yeux\/"]}]},{"@type":"ImageObject","inLanguage":"fr-FR","@id":"https:\/\/www.ophtalmo-actisud.fr\/index.php\/traitement-par-laser-yeux\/#primaryimage","url":"https:\/\/www.ophtalmo-actisud.fr\/wp-content\/uploads\/2024\/06\/brands-people-sWQrD5s0fWc-unsplash-scaled.jpg","contentUrl":"https:\/\/www.ophtalmo-actisud.fr\/wp-content\/uploads\/2024\/06\/brands-people-sWQrD5s0fWc-unsplash-scaled.jpg","width":2560,"height":1706,"caption":"laser yeux"},{"@type":"BreadcrumbList","@id":"https:\/\/www.ophtalmo-actisud.fr\/index.php\/traitement-par-laser-yeux\/#breadcrumb","itemListElement":[{"@type":"ListItem","position":1,"name":"Accueil","item":"https:\/\/www.ophtalmo-actisud.fr\/"},{"@type":"ListItem","position":2,"name":"Traitement par laser"}]},{"@type":"WebSite","@id":"https:\/\/www.ophtalmo-actisud.fr\/#website","url":"https:\/\/www.ophtalmo-actisud.fr\/","name":"Centre d&#039;Ophtalmologie Actisud","description":"Prenez rendez-vous ou obtenez des informations","publisher":{"@id":"https:\/\/www.ophtalmo-actisud.fr\/#organization"},"potentialAction":[{"@type":"SearchAction","target":{"@type":"EntryPoint","urlTemplate":"https:\/\/www.ophtalmo-actisud.fr\/?s={search_term_string}"},"query-input":{"@type":"PropertyValueSpecification","valueRequired":true,"valueName":"search_term_string"}}],"inLanguage":"fr-FR"},{"@type":"Organization","@id":"https:\/\/www.ophtalmo-actisud.fr\/#organization","name":"Centre d'Ophtalmologie Actisud","url":"https:\/\/www.ophtalmo-actisud.fr\/","logo":{"@type":"ImageObject","inLanguage":"fr-FR","@id":"https:\/\/www.ophtalmo-actisud.fr\/#\/schema\/logo\/image\/","url":"https:\/\/www.ophtalmo-actisud.fr\/wp-content\/uploads\/2022\/08\/cropped-logoTransp.png","contentUrl":"https:\/\/www.ophtalmo-actisud.fr\/wp-content\/uploads\/2022\/08\/cropped-logoTransp.png","width":512,"height":512,"caption":"Centre d'Ophtalmologie Actisud"},"image":{"@id":"https:\/\/www.ophtalmo-actisud.fr\/#\/schema\/logo\/image\/"},"sameAs":["https:\/\/www.facebook.com\/Centre-dOphtalmologie-Actisud-109097913829367"]}]}},"_links":{"self":[{"href":"https:\/\/www.ophtalmo-actisud.fr\/index.php\/wp-json\/wp\/v2\/pages\/2065","targetHints":{"allow":["GET"]}}],"collection":[{"href":"https:\/\/www.ophtalmo-actisud.fr\/index.php\/wp-json\/wp\/v2\/pages"}],"about":[{"href":"https:\/\/www.ophtalmo-actisud.fr\/index.php\/wp-json\/wp\/v2\/types\/page"}],"author":[{"embeddable":true,"href":"https:\/\/www.ophtalmo-actisud.fr\/index.php\/wp-json\/wp\/v2\/users\/1"}],"replies":[{"embeddable":true,"href":"https:\/\/www.ophtalmo-actisud.fr\/index.php\/wp-json\/wp\/v2\/comments?post=2065"}],"version-history":[{"count":7,"href":"https:\/\/www.ophtalmo-actisud.fr\/index.php\/wp-json\/wp\/v2\/pages\/2065\/revisions"}],"predecessor-version":[{"id":2723,"href":"https:\/\/www.ophtalmo-actisud.fr\/index.php\/wp-json\/wp\/v2\/pages\/2065\/revisions\/2723"}],"wp:featuredmedia":[{"embeddable":true,"href":"https:\/\/www.ophtalmo-actisud.fr\/index.php\/wp-json\/wp\/v2\/media\/2722"}],"wp:attachment":[{"href":"https:\/\/www.ophtalmo-actisud.fr\/index.php\/wp-json\/wp\/v2\/media?parent=2065"}],"curies":[{"name":"wp","href":"https:\/\/api.w.org\/{rel}","templated":true}]}}