{"id":2063,"date":"2022-04-20T15:57:49","date_gmt":"2022-04-20T13:57:49","guid":{"rendered":"http:\/\/xixaoul.cluster031.hosting.ovh.net\/?page_id=2063"},"modified":"2024-06-17T15:11:41","modified_gmt":"2024-06-17T13:11:41","slug":"chirurgie-de-la-paupiere","status":"publish","type":"page","link":"https:\/\/www.ophtalmo-actisud.fr\/index.php\/chirurgie-de-la-paupiere\/","title":{"rendered":"Chirurgie de la paupi\u00e8re"},"content":{"rendered":"<p>[vc_row gap=\u00a0\u00bb20&Prime; content_placement=\u00a0\u00bbmiddle\u00a0\u00bb css=\u00a0\u00bb.vc_custom_1657377791878{margin-bottom: 2em !important;}\u00a0\u00bb][vc_column css=\u00a0\u00bb.vc_custom_1657377767605{background-color: #f9f6f2 !important;border-radius: 20px !important;}\u00a0\u00bb][vc_column_text css=\u00a0\u00bb.vc_custom_1718629417354{margin-top: 1em !important;margin-bottom: 1em !important;}\u00a0\u00bb]La chirurgie de la paupi\u00e8re, \u00e9galement connue sous le nom de bl\u00e9pharoplastie, est une intervention chirurgicale visant \u00e0 corriger les d\u00e9fauts, les d\u00e9formations et les anomalies des paupi\u00e8res. Cette proc\u00e9dure peut \u00eatre r\u00e9alis\u00e9e pour des raisons esth\u00e9tiques ou m\u00e9dicales.[\/vc_column_text][\/vc_column][\/vc_row][vc_row gap=\u00a0\u00bb20&Prime; content_placement=\u00a0\u00bbmiddle\u00a0\u00bb css=\u00a0\u00bb.vc_custom_1657377791878{margin-bottom: 2em !important;}\u00a0\u00bb][vc_column css=\u00a0\u00bb.vc_custom_1657377767605{background-color: #f9f6f2 !important;border-radius: 20px !important;}\u00a0\u00bb][vc_column_text css=\u00a0\u00bb.vc_custom_1718629828447{margin-top: -1em !important;}\u00a0\u00bb]<\/p>\n<h2><strong><span style=\"color: #4ab8bf;\">Quels sont les objectifs de la chirurgie de la paupi\u00e8re ?<\/span><\/strong><\/h2>\n<p>[\/vc_column_text][vc_column_text css=\u00a0\u00bb.vc_custom_1718629764802{margin-top: 1em !important;margin-bottom: 1em !important;}\u00a0\u00bb]La chirurgie de la paupi\u00e8re sert un double objectif :<\/p>\n<p><strong>1. Esth\u00e9tique<\/strong> :<\/p>\n<ul>\n<li>\u00c9liminer l&rsquo;exc\u00e8s de peau : Avec l&rsquo;\u00e2ge, la peau des paupi\u00e8res peut devenir l\u00e2che et former des plis.<\/li>\n<li>R\u00e9duire les poches sous les yeux : dues aux d\u00e9p\u00f4ts graisseux qui peuvent s&rsquo;accumuler sous les paupi\u00e8res.<\/li>\n<\/ul>\n<div><strong>2. Fonctionnel :<\/strong><\/div>\n<ul>\n<li class=\"O1\">Am\u00e9liorer la vision : L&rsquo;exc\u00e8s de peau peut parfois obstruer le champ de vision.<\/li>\n<li class=\"O1\">Corriger les paupi\u00e8res tombantes : La ptose (chute des paupi\u00e8res sup\u00e9rieures) peut g\u00eaner la vue.<\/li>\n<li class=\"O1\">Traiter les probl\u00e8mes m\u00e9dicaux : Par exemple, les infections r\u00e9p\u00e9t\u00e9es dues \u00e0 des plis cutan\u00e9s excessifs.<\/li>\n<\/ul>\n<p>[\/vc_column_text][\/vc_column][\/vc_row][vc_row gap=\u00a0\u00bb20&Prime; content_placement=\u00a0\u00bbmiddle\u00a0\u00bb css=\u00a0\u00bb.vc_custom_1657377791878{margin-bottom: 2em !important;}\u00a0\u00bb][vc_column width=\u00a0\u00bb1\/2&Prime; css=\u00a0\u00bb.vc_custom_1657377767605{background-color: #f9f6f2 !important;border-radius: 20px !important;}\u00a0\u00bb][vc_column_text css=\u00a0\u00bb.vc_custom_1718629147641{margin-top: 1em !important;margin-bottom: 1em !important;}\u00a0\u00bb]Le <b class=\"bl\">Dr Lhuillier<\/b> pratique la chirurgie de la cataracte et la chirurgie de la paupi\u00e8re (hors esth\u00e9tique).<\/p>\n<p>Ces interventions se d\u00e9roulent \u00e0 <a href=\"https:\/\/www.chr-metz-thionville.fr\/propos-du-chr-nos-etablissements\/hopital-mercy\"><b class=\"bl\">l\u2019h\u00f4pital de Mercy<\/b><\/a> (Centre Hospitalier R\u00e9gional de Metz-Thionville), en g\u00e9n\u00e9ral au cours d\u2019une br\u00e8ve hospitalisation ambulatoire.[\/vc_column_text][\/vc_column][vc_column width=\u00a0\u00bb1\/2&Prime;][vc_single_image image=\u00a0\u00bb2371&Prime; img_size=\u00a0\u00bblarge\u00a0\u00bb alignment=\u00a0\u00bbcenter\u00a0\u00bb title=\u00a0\u00bbchirurgie paupi\u00e8re\u00a0\u00bb][\/vc_column][\/vc_row][vc_row content_placement=\u00a0\u00bbmiddle\u00a0\u00bb css=\u00a0\u00bb.vc_custom_1660567444311{margin-bottom: 2em !important;}\u00a0\u00bb][vc_column width=\u00a0\u00bb1\/2&Prime;][vc_column_text css=\u00a0\u00bb.vc_custom_1655986804152{margin-bottom: 1em !important;}\u00a0\u00bb]<\/p>\n<h3 style=\"color: #f4d061; text-align: center;\"><strong>D\u00e9couvrir notre \u00e9quipe :<br \/>\n<\/strong><\/h3>\n<p>[\/vc_column_text][\/vc_column][vc_column width=\u00a0\u00bb1\/2&Prime;]<div id=\"highlight-box-wrap-1694\"  data-ultimate-target='#highlight-box-wrap-1694'  data-responsive-json-new='{\"font-size\":\"desktop:25px;\",\"line-height\":\"\"}'  class=\"ultimate-call-to-action ult-adjust-bottom-margin roundCornered ctaction-text-center ult-responsive\" style=\"font-family:Montserrat;font-weight:normal;color:#ffffff;background:#f4d061;padding-top:20px;padding-bottom:20px;margin-top:0px;margin-bottom:0px;\"  data-background=\"#f4d061\"  data-background-hover=\"#fa9258\"  data-override=\"0\" ><div class=\"uvc-ctaction-data uvc-ctaction-data-no-effect ult-responsive\"><\/p>\n<p style=\"text-align: center;\"><strong>OPHTALMOLOGUES<\/strong><\/p>\n<p><\/div><a class=\"ulimate-call-to-action-link\" href=\"\/index.php\/les-ophtalmologues\/\" title=\"Ophtalmologues\" ><\/a><\/div>[\/vc_column][\/vc_row][vc_row][vc_column][vc_column_text]N\u2019h\u00e9sitez pas \u00e0 <a href=\"https:\/\/www.ophtalmo-actisud.fr\/index.php\/prendre-rdv\/\">prendre rendez-vous<\/a> en cas de baisse d\u2019acuit\u00e9 visuelle ou de douleur oculaire.[\/vc_column_text][\/vc_column][\/vc_row]<\/p>\n","protected":false},"excerpt":{"rendered":"<p>[vc_row gap=\u00a0\u00bb20&Prime; content_placement=\u00a0\u00bbmiddle\u00a0\u00bb css=\u00a0\u00bb.vc_custom_1657377791878{margin-bottom: 2em !important;}\u00a0\u00bb][vc_column css=\u00a0\u00bb.vc_custom_1657377767605{background-color: #f9f6f2 !important;border-radius: 20px !important;}\u00a0\u00bb][vc_column_text css=\u00a0\u00bb.vc_custom_1718629417354{margin-top: 1em !important;margin-bottom: 1em !important;}\u00a0\u00bb]La chirurgie de la paupi\u00e8re, \u00e9galement connue sous le nom de bl\u00e9pharoplastie, est une intervention chirurgicale visant \u00e0 corriger les d\u00e9fauts, les d\u00e9formations et les anomalies des paupi\u00e8res. Cette proc\u00e9dure peut \u00eatre r\u00e9alis\u00e9e pour des raisons esth\u00e9tiques ou m\u00e9dicales.[\/vc_column_text][\/vc_column][\/vc_row][vc_row gap=\u00a0\u00bb20&Prime;&hellip;<\/p>\n","protected":false},"author":1,"featured_media":2753,"parent":0,"menu_order":0,"comment_status":"closed","ping_status":"closed","template":"","meta":{"footnotes":""},"class_list":["post-2063","page","type-page","status-publish","has-post-thumbnail","hentry","description-off"],"yoast_head":"<!-- This site is optimized with the Yoast SEO plugin v27.5 - https:\/\/yoast.com\/product\/yoast-seo-wordpress\/ -->\n<title>Chirurgie de la paupi\u00e8re - Centre d&#039;Ophtalmologie Actisud<\/title>\n<meta name=\"description\" content=\"La chirurgie de la paupi\u00e8re am\u00e9liore l&#039;aspect des paupi\u00e8res et le champ visuel. C&#039;est une op\u00e9ration de chirurgie esth\u00e9tique.\" \/>\n<meta name=\"robots\" content=\"index, follow, max-snippet:-1, max-image-preview:large, max-video-preview:-1\" \/>\n<link rel=\"canonical\" href=\"https:\/\/www.ophtalmo-actisud.fr\/index.php\/chirurgie-de-la-paupiere\/\" \/>\n<meta property=\"og:locale\" content=\"fr_FR\" \/>\n<meta property=\"og:type\" content=\"article\" \/>\n<meta property=\"og:title\" content=\"Chirurgie de la paupi\u00e8re - Centre d&#039;Ophtalmologie Actisud\" \/>\n<meta property=\"og:description\" content=\"La chirurgie de la paupi\u00e8re am\u00e9liore l&#039;aspect des paupi\u00e8res et le champ visuel. C&#039;est une op\u00e9ration de chirurgie esth\u00e9tique.\" \/>\n<meta property=\"og:url\" content=\"https:\/\/www.ophtalmo-actisud.fr\/index.php\/chirurgie-de-la-paupiere\/\" \/>\n<meta property=\"og:site_name\" content=\"Centre d&#039;Ophtalmologie Actisud\" \/>\n<meta property=\"article:publisher\" content=\"https:\/\/www.facebook.com\/Centre-dOphtalmologie-Actisud-109097913829367\" \/>\n<meta property=\"article:modified_time\" content=\"2024-06-17T13:11:41+00:00\" \/>\n<meta property=\"og:image\" content=\"https:\/\/www.ophtalmo-actisud.fr\/wp-content\/uploads\/2024\/06\/liam-welch-_mzSK1mUnRE-unsplash-scaled.jpg\" \/>\n\t<meta property=\"og:image:width\" content=\"2560\" \/>\n\t<meta property=\"og:image:height\" content=\"1440\" \/>\n\t<meta property=\"og:image:type\" content=\"image\/jpeg\" \/>\n<meta name=\"twitter:card\" content=\"summary_large_image\" \/>\n<meta name=\"twitter:label1\" content=\"Dur\u00e9e de lecture estim\u00e9e\" \/>\n\t<meta name=\"twitter:data1\" content=\"2 minutes\" \/>\n<script type=\"application\/ld+json\" class=\"yoast-schema-graph\">{\"@context\":\"https:\\\/\\\/schema.org\",\"@graph\":[{\"@type\":\"WebPage\",\"@id\":\"https:\\\/\\\/www.ophtalmo-actisud.fr\\\/index.php\\\/chirurgie-de-la-paupiere\\\/\",\"url\":\"https:\\\/\\\/www.ophtalmo-actisud.fr\\\/index.php\\\/chirurgie-de-la-paupiere\\\/\",\"name\":\"Chirurgie de la paupi\u00e8re - Centre d&#039;Ophtalmologie Actisud\",\"isPartOf\":{\"@id\":\"https:\\\/\\\/www.ophtalmo-actisud.fr\\\/#website\"},\"primaryImageOfPage\":{\"@id\":\"https:\\\/\\\/www.ophtalmo-actisud.fr\\\/index.php\\\/chirurgie-de-la-paupiere\\\/#primaryimage\"},\"image\":{\"@id\":\"https:\\\/\\\/www.ophtalmo-actisud.fr\\\/index.php\\\/chirurgie-de-la-paupiere\\\/#primaryimage\"},\"thumbnailUrl\":\"https:\\\/\\\/www.ophtalmo-actisud.fr\\\/wp-content\\\/uploads\\\/2024\\\/06\\\/liam-welch-_mzSK1mUnRE-unsplash-scaled.jpg\",\"datePublished\":\"2022-04-20T13:57:49+00:00\",\"dateModified\":\"2024-06-17T13:11:41+00:00\",\"description\":\"La chirurgie de la paupi\u00e8re am\u00e9liore l'aspect des paupi\u00e8res et le champ visuel. C'est une op\u00e9ration de chirurgie esth\u00e9tique.\",\"breadcrumb\":{\"@id\":\"https:\\\/\\\/www.ophtalmo-actisud.fr\\\/index.php\\\/chirurgie-de-la-paupiere\\\/#breadcrumb\"},\"inLanguage\":\"fr-FR\",\"potentialAction\":[{\"@type\":\"ReadAction\",\"target\":[\"https:\\\/\\\/www.ophtalmo-actisud.fr\\\/index.php\\\/chirurgie-de-la-paupiere\\\/\"]}]},{\"@type\":\"ImageObject\",\"inLanguage\":\"fr-FR\",\"@id\":\"https:\\\/\\\/www.ophtalmo-actisud.fr\\\/index.php\\\/chirurgie-de-la-paupiere\\\/#primaryimage\",\"url\":\"https:\\\/\\\/www.ophtalmo-actisud.fr\\\/wp-content\\\/uploads\\\/2024\\\/06\\\/liam-welch-_mzSK1mUnRE-unsplash-scaled.jpg\",\"contentUrl\":\"https:\\\/\\\/www.ophtalmo-actisud.fr\\\/wp-content\\\/uploads\\\/2024\\\/06\\\/liam-welch-_mzSK1mUnRE-unsplash-scaled.jpg\",\"width\":2560,\"height\":1440,\"caption\":\"chirurgie paupi\u00e8re\"},{\"@type\":\"BreadcrumbList\",\"@id\":\"https:\\\/\\\/www.ophtalmo-actisud.fr\\\/index.php\\\/chirurgie-de-la-paupiere\\\/#breadcrumb\",\"itemListElement\":[{\"@type\":\"ListItem\",\"position\":1,\"name\":\"Accueil\",\"item\":\"https:\\\/\\\/www.ophtalmo-actisud.fr\\\/\"},{\"@type\":\"ListItem\",\"position\":2,\"name\":\"Chirurgie de la paupi\u00e8re\"}]},{\"@type\":\"WebSite\",\"@id\":\"https:\\\/\\\/www.ophtalmo-actisud.fr\\\/#website\",\"url\":\"https:\\\/\\\/www.ophtalmo-actisud.fr\\\/\",\"name\":\"Centre d&#039;Ophtalmologie Actisud\",\"description\":\"Prenez rendez-vous ou obtenez des informations\",\"publisher\":{\"@id\":\"https:\\\/\\\/www.ophtalmo-actisud.fr\\\/#organization\"},\"potentialAction\":[{\"@type\":\"SearchAction\",\"target\":{\"@type\":\"EntryPoint\",\"urlTemplate\":\"https:\\\/\\\/www.ophtalmo-actisud.fr\\\/?s={search_term_string}\"},\"query-input\":{\"@type\":\"PropertyValueSpecification\",\"valueRequired\":true,\"valueName\":\"search_term_string\"}}],\"inLanguage\":\"fr-FR\"},{\"@type\":\"Organization\",\"@id\":\"https:\\\/\\\/www.ophtalmo-actisud.fr\\\/#organization\",\"name\":\"Centre d'Ophtalmologie Actisud\",\"url\":\"https:\\\/\\\/www.ophtalmo-actisud.fr\\\/\",\"logo\":{\"@type\":\"ImageObject\",\"inLanguage\":\"fr-FR\",\"@id\":\"https:\\\/\\\/www.ophtalmo-actisud.fr\\\/#\\\/schema\\\/logo\\\/image\\\/\",\"url\":\"https:\\\/\\\/www.ophtalmo-actisud.fr\\\/wp-content\\\/uploads\\\/2022\\\/08\\\/cropped-logoTransp.png\",\"contentUrl\":\"https:\\\/\\\/www.ophtalmo-actisud.fr\\\/wp-content\\\/uploads\\\/2022\\\/08\\\/cropped-logoTransp.png\",\"width\":512,\"height\":512,\"caption\":\"Centre d'Ophtalmologie Actisud\"},\"image\":{\"@id\":\"https:\\\/\\\/www.ophtalmo-actisud.fr\\\/#\\\/schema\\\/logo\\\/image\\\/\"},\"sameAs\":[\"https:\\\/\\\/www.facebook.com\\\/Centre-dOphtalmologie-Actisud-109097913829367\"]}]}<\/script>\n<!-- \/ Yoast SEO plugin. -->","yoast_head_json":{"title":"Chirurgie de la paupi\u00e8re - Centre d&#039;Ophtalmologie Actisud","description":"La chirurgie de la paupi\u00e8re am\u00e9liore l'aspect des paupi\u00e8res et le champ visuel. C'est une op\u00e9ration de chirurgie esth\u00e9tique.","robots":{"index":"index","follow":"follow","max-snippet":"max-snippet:-1","max-image-preview":"max-image-preview:large","max-video-preview":"max-video-preview:-1"},"canonical":"https:\/\/www.ophtalmo-actisud.fr\/index.php\/chirurgie-de-la-paupiere\/","og_locale":"fr_FR","og_type":"article","og_title":"Chirurgie de la paupi\u00e8re - Centre d&#039;Ophtalmologie Actisud","og_description":"La chirurgie de la paupi\u00e8re am\u00e9liore l'aspect des paupi\u00e8res et le champ visuel. C'est une op\u00e9ration de chirurgie esth\u00e9tique.","og_url":"https:\/\/www.ophtalmo-actisud.fr\/index.php\/chirurgie-de-la-paupiere\/","og_site_name":"Centre d&#039;Ophtalmologie Actisud","article_publisher":"https:\/\/www.facebook.com\/Centre-dOphtalmologie-Actisud-109097913829367","article_modified_time":"2024-06-17T13:11:41+00:00","og_image":[{"width":2560,"height":1440,"url":"https:\/\/www.ophtalmo-actisud.fr\/wp-content\/uploads\/2024\/06\/liam-welch-_mzSK1mUnRE-unsplash-scaled.jpg","type":"image\/jpeg"}],"twitter_card":"summary_large_image","twitter_misc":{"Dur\u00e9e de lecture estim\u00e9e":"2 minutes"},"schema":{"@context":"https:\/\/schema.org","@graph":[{"@type":"WebPage","@id":"https:\/\/www.ophtalmo-actisud.fr\/index.php\/chirurgie-de-la-paupiere\/","url":"https:\/\/www.ophtalmo-actisud.fr\/index.php\/chirurgie-de-la-paupiere\/","name":"Chirurgie de la paupi\u00e8re - Centre d&#039;Ophtalmologie Actisud","isPartOf":{"@id":"https:\/\/www.ophtalmo-actisud.fr\/#website"},"primaryImageOfPage":{"@id":"https:\/\/www.ophtalmo-actisud.fr\/index.php\/chirurgie-de-la-paupiere\/#primaryimage"},"image":{"@id":"https:\/\/www.ophtalmo-actisud.fr\/index.php\/chirurgie-de-la-paupiere\/#primaryimage"},"thumbnailUrl":"https:\/\/www.ophtalmo-actisud.fr\/wp-content\/uploads\/2024\/06\/liam-welch-_mzSK1mUnRE-unsplash-scaled.jpg","datePublished":"2022-04-20T13:57:49+00:00","dateModified":"2024-06-17T13:11:41+00:00","description":"La chirurgie de la paupi\u00e8re am\u00e9liore l'aspect des paupi\u00e8res et le champ visuel. C'est une op\u00e9ration de chirurgie esth\u00e9tique.","breadcrumb":{"@id":"https:\/\/www.ophtalmo-actisud.fr\/index.php\/chirurgie-de-la-paupiere\/#breadcrumb"},"inLanguage":"fr-FR","potentialAction":[{"@type":"ReadAction","target":["https:\/\/www.ophtalmo-actisud.fr\/index.php\/chirurgie-de-la-paupiere\/"]}]},{"@type":"ImageObject","inLanguage":"fr-FR","@id":"https:\/\/www.ophtalmo-actisud.fr\/index.php\/chirurgie-de-la-paupiere\/#primaryimage","url":"https:\/\/www.ophtalmo-actisud.fr\/wp-content\/uploads\/2024\/06\/liam-welch-_mzSK1mUnRE-unsplash-scaled.jpg","contentUrl":"https:\/\/www.ophtalmo-actisud.fr\/wp-content\/uploads\/2024\/06\/liam-welch-_mzSK1mUnRE-unsplash-scaled.jpg","width":2560,"height":1440,"caption":"chirurgie paupi\u00e8re"},{"@type":"BreadcrumbList","@id":"https:\/\/www.ophtalmo-actisud.fr\/index.php\/chirurgie-de-la-paupiere\/#breadcrumb","itemListElement":[{"@type":"ListItem","position":1,"name":"Accueil","item":"https:\/\/www.ophtalmo-actisud.fr\/"},{"@type":"ListItem","position":2,"name":"Chirurgie de la paupi\u00e8re"}]},{"@type":"WebSite","@id":"https:\/\/www.ophtalmo-actisud.fr\/#website","url":"https:\/\/www.ophtalmo-actisud.fr\/","name":"Centre d&#039;Ophtalmologie Actisud","description":"Prenez rendez-vous ou obtenez des informations","publisher":{"@id":"https:\/\/www.ophtalmo-actisud.fr\/#organization"},"potentialAction":[{"@type":"SearchAction","target":{"@type":"EntryPoint","urlTemplate":"https:\/\/www.ophtalmo-actisud.fr\/?s={search_term_string}"},"query-input":{"@type":"PropertyValueSpecification","valueRequired":true,"valueName":"search_term_string"}}],"inLanguage":"fr-FR"},{"@type":"Organization","@id":"https:\/\/www.ophtalmo-actisud.fr\/#organization","name":"Centre d'Ophtalmologie Actisud","url":"https:\/\/www.ophtalmo-actisud.fr\/","logo":{"@type":"ImageObject","inLanguage":"fr-FR","@id":"https:\/\/www.ophtalmo-actisud.fr\/#\/schema\/logo\/image\/","url":"https:\/\/www.ophtalmo-actisud.fr\/wp-content\/uploads\/2022\/08\/cropped-logoTransp.png","contentUrl":"https:\/\/www.ophtalmo-actisud.fr\/wp-content\/uploads\/2022\/08\/cropped-logoTransp.png","width":512,"height":512,"caption":"Centre d'Ophtalmologie Actisud"},"image":{"@id":"https:\/\/www.ophtalmo-actisud.fr\/#\/schema\/logo\/image\/"},"sameAs":["https:\/\/www.facebook.com\/Centre-dOphtalmologie-Actisud-109097913829367"]}]}},"_links":{"self":[{"href":"https:\/\/www.ophtalmo-actisud.fr\/index.php\/wp-json\/wp\/v2\/pages\/2063","targetHints":{"allow":["GET"]}}],"collection":[{"href":"https:\/\/www.ophtalmo-actisud.fr\/index.php\/wp-json\/wp\/v2\/pages"}],"about":[{"href":"https:\/\/www.ophtalmo-actisud.fr\/index.php\/wp-json\/wp\/v2\/types\/page"}],"author":[{"embeddable":true,"href":"https:\/\/www.ophtalmo-actisud.fr\/index.php\/wp-json\/wp\/v2\/users\/1"}],"replies":[{"embeddable":true,"href":"https:\/\/www.ophtalmo-actisud.fr\/index.php\/wp-json\/wp\/v2\/comments?post=2063"}],"version-history":[{"count":9,"href":"https:\/\/www.ophtalmo-actisud.fr\/index.php\/wp-json\/wp\/v2\/pages\/2063\/revisions"}],"predecessor-version":[{"id":2754,"href":"https:\/\/www.ophtalmo-actisud.fr\/index.php\/wp-json\/wp\/v2\/pages\/2063\/revisions\/2754"}],"wp:featuredmedia":[{"embeddable":true,"href":"https:\/\/www.ophtalmo-actisud.fr\/index.php\/wp-json\/wp\/v2\/media\/2753"}],"wp:attachment":[{"href":"https:\/\/www.ophtalmo-actisud.fr\/index.php\/wp-json\/wp\/v2\/media?parent=2063"}],"curies":[{"name":"wp","href":"https:\/\/api.w.org\/{rel}","templated":true}]}}